What is the highest common divisor of z and 128?
128
Let n(m) = -m**3 - 83*m**2 + 84*m + 216. Let g be n(-84). What is the greatest common divisor of g and 1512?
216
Let y = -1891 + 2843. Suppose 46*z - y = 9168. Calculate the highest common factor of z and 385.
55
Suppose -5*s + 3 = 2*r, 16*r - 20*r + 27 = 3*s. Let j be 5*5/(-225) - (-145)/r. Calculate the greatest common divisor of j and 128.
16
Let c = 2152 + -2088. What is the greatest common factor of c and 2624?
64
Suppose 0 = 13*d + 7*d - 400. Suppose -9*r = -d*r + 220. What is the greatest common divisor of r and 360?
20
Suppose -24*w - 1328 = -3*k - 23*w, -14*k = 2*w - 6184. Calculate the greatest common factor of k and 1872.
26
Suppose 101*n - 4794 = 4601 - 305. What is the greatest common factor of n and 324?
18
Let s(i) = -714*i**3. Let j be s(-1). Let a(x) = 155*x + 2522. Let w be a(-16). What is the highest common divisor of w and j?
42
Let u be (-7595)/(-651)*4806/5. Calculate the highest common factor of 18 and u.
18
Let y(a) = 27*a - 32. Suppose -21*j + 8 = -34. Let v be y(j). Calculate the greatest common factor of 8 and v.
2
Let h(u) = -u**2 + 17*u + 6. Let g(j) = -j**3 + 38*j**2 - 72*j + 9. Let w be g(36). Let o be h(w). Calculate the greatest common divisor of 52 and o.
26
Suppose -3*g = 23*p - 19*p - 65, 0 = -4*p + 5*g + 41. Calculate the highest common divisor of 84 and p.
14
Suppose -4*n + 5*s = -20012, 4811 = n + 3*s - 175. Calculate the greatest common divisor of 119 and n.
119
Suppose -t - v + 2 = 0, 2 = 4*t + 2*v - 2. Suppose t = -21*o - 10*o + 186. What is the greatest common factor of 14 and o?
2
Suppose 174 = -7*f - 358. Let p = f + 98. Suppose -52 = -p*g + 18*g. Calculate the greatest common factor of 65 and g.
13
Suppose -4*p = 5*k - 30, 2*k - k = -4*p - 10. Let c be 60/45 + (-2)/(-3). Suppose 200 = 2*f + c*f. What is the highest common factor of f and k?
10
Let f be ((-84)/9)/(-5*(-10)/(-375)). Let x be (-300)/(-44) - 2/(-11). Let n be 4/14 + 68/x. What is the greatest common divisor of n and f?
10
Suppose 4*i - 5*g = 28, -4*i - 5*g - 10 - 2 = 0. Suppose -m = 3*m + 2*v - 572, 4*v = i*m - 286. What is the highest common divisor of m and 33?
11
Suppose 3*k = -q - 4, 4*q - 1 = -5*k + 10*k. Let s be (-10 + -2 + 5)*(-6 - q). Let p = 6 + -1. What is the highest common factor of s and p?
5
Let f be 15*(3 - 7 - (-96)/5). Suppose 0 = -9*p - 21 + f. Let t(z) = 28*z + 3. Let w be t(4). What is the highest common factor of p and w?
23
Let y(m) = -557*m - 133. Let k be y(-2). Calculate the greatest common divisor of 9 and k.
9
Let y(d) = -2*d**2 + 25*d - 74. Let u be y(7). Let n(w) = 4*w + w + w - 5*w - 1. Let p be n(2). What is the highest common factor of u and p?
1
Let d = -4318 - -7628. What is the highest common factor of 10 and d?
10
Let g be (736/(-60))/((-3)/420) - 4/12. Calculate the greatest common divisor of 303 and g.
101
Let v(a) = -a**3 + 42*a**2 + 45*a + 40. Let p be v(43). Let o be 2/3 + (-7530)/(-45). Calculate the greatest common divisor of p and o.
42
Suppose 107*p + 417 = 4*n + 108*p, -9 = 3*p. Calculate the greatest common divisor of 135 and n.
15
Let d be 191/(-9) - (2 - (-40)/(-18)). Let k be -1*-3*(-161)/d. Calculate the greatest common divisor of k and 437.
23
Let d = -1527 - -1565. Let x(q) = -q**3 + 14*q**2 + 16*q + 4. Let v be x(15). What is the highest common factor of d and v?
19
Suppose -18609 - 2074 = -26*n + 247. What is the highest common factor of 140 and n?
35
Let o(x) = 4*x - 17. Let q be o(5). Suppose q*k + 4 = 31. Calculate the greatest common divisor of 9 and k.
9
Let d be (-60688)/48*(-3)/1. Suppose -439 - d = -23*f. What is the greatest common factor of 138 and f?
46
Suppose -5*l = 3*n - 770, 0 = -n - 2*l + 94 + 165. What is the highest common factor of n and 2989?
49
Let h be 1/(8/10)*4. Suppose 20*d - 27*d + 1393 = 0. Suppose -4*y + 3*r = r - 162, -r = 5*y - d. What is the highest common factor of y and h?
5
Let u(j) = -2*j - 15. Let i(x) = -x - 10. Let k(w) = 8*i(w) - 5*u(w). Let o be k(5). Suppose -o*d = -6*d + 60. What is the highest common factor of 45 and d?
15
Let o = -48 - -75. Let w be (7524/(-110))/(290/75 + -4). What is the highest common factor of w and o?
27
Suppose -2*l + 20 = 2*v, l = -2*l. Suppose 70 = 4*m + 5*u, -3308*m = -3303*m - 2*u - 38. What is the greatest common divisor of v and m?
10
Let i be -12 + (-3951)/(-3) - 7. Calculate the greatest common factor of 59 and i.
59
Let t be 15/(-10)*16/(-6). Let d be t/(-2) - (-5)/(1 - 0). Suppose 2*b = -d + 19. Calculate the greatest common divisor of 64 and b.
8
Suppose -12*j + 2303 = -2269. What is the greatest common divisor of 1397 and j?
127
Let g = 243 - 215. Let x = -172 + 536. What is the highest common factor of x and g?
28
Let z be 25/10*-4 - -11. Calculate the highest common divisor of z and 193.
1
Suppose -u + 660 = 3*u. Let j be (-91)/(-6) - ((-101)/6 + (-28 - -45)). What is the greatest common divisor of u and j?
15
Let r be (-17 - (7 + -39 + 8))/(2/18). Suppose 3*v - g - 65 = 0, 2*v - 4*v + 3*g = -48. What is the greatest common factor of v and r?
21
Let t(v) = -3*v - 6. Let h be t(-4). Let m = -55 - -43. Let a be (-4)/(m/6 + (-22)/(-12)). Calculate the greatest common divisor of h and a.
6
Let c = 2989 + -2962. Calculate the highest common factor of 96 and c.
3
Suppose 75 = l + 5*x, -3*l - 16*x = -19*x - 153. Suppose -4*g = -4*t - 3*g + 55, 3*t - 65 = -4*g. What is the highest common divisor of t and l?
5
Suppose a - u + 3 = 19, -3*a + 33 = 2*u. Suppose a*s + 32 = 15*s. Calculate the greatest common divisor of s and 176.
16
Let n = 604 + -601. Suppose -n*u = t - 21, 3*u + t = 4*u - 11. What is the greatest common divisor of u and 2?
2
Let h = -20 + 21. Let v be h/2 - 20124/24. Let u be v/(-11) - 12/66. Calculate the greatest common divisor of 114 and u.
38
Let q = -15777 + 17704. Calculate the greatest common divisor of 328 and q.
41
Suppose 3373 + 956 = 113*m - 643. Calculate the highest common divisor of 5544 and m.
44
Suppose 5*u - 12 = -3*c, 0 = -0*u + u - 5*c - 8. Suppose -u + 717 = 3*a. Suppose -8*f + f = -a. Calculate the greatest common divisor of f and 306.
34
Let o be (-42)/5*(275 + -280). What is the greatest common factor of o and 194?
2
Let o be (-1 - (-41)/1) + -1. Let r be 204/(-170)*(0 + (-40)/3). Suppose -39 = r*l - 19*l. What is the greatest common divisor of l and o?
13
Suppose -2*f - f + 27 = -2*z, -3*f = -4*z - 33. Let a(c) = c**2 + 6. Let d be a(f). Suppose -265 - d = -5*k. Calculate the highest common factor of k and 8.
8
Let x be 180*(-10)/((-130)/13). Let y = -29 + 65. What is the greatest common factor of y and x?
36
Suppose 198*t - 1865 = 197*t. Suppose -245 = 4*w - t. What is the highest common divisor of 9 and w?
9
Let y be (-18)/(-66)*-2 + 4148/22. Let l = y + -174. Suppose -4*s - 3*i + 940 = 0, -2*s + 2*i = -280 - 204. What is the highest common factor of l and s?
14
Let v(f) = -4*f - 2. Let o = 18 + -26. Let q be v(o). Suppose 63*g - 57*g = 900. Calculate the greatest common factor of q and g.
30
Let j = 4581 + -4471. Let q(r) = 20*r. Let w be q(-1). Let h = w + j. What is the greatest common divisor of h and 30?
30
Let b = -1475 + 8550. Calculate the highest common factor of 25 and b.
25
Let n be -4250*124/(-1705) + (-2)/22. What is the greatest common divisor of n and 1133?
103
Let t be 4833/54 - -1*2/4. Suppose t*k - 101*k + 693 = 0. What is the greatest common divisor of k and 45?
9
Suppose -28*a - 33*a + 210000 = -19*a. What is the greatest common divisor of 2 and a?
2
Let u be (-15)/((-198)/(-102) - 2). Suppose 20 = -5*t + u. Calculate the greatest common divisor of t and 235.
47
Let t = 6868 - 6816. What is the greatest common divisor of 9334 and t?
26
Let g(d) = d**2 + 16*d + 73. Let m(x) = -x**2 - 17*x - 73. Let v(p) = -4*g(p) - 5*m(p). Let q be v(-17). Calculate the highest common factor of 135 and q.
5
Suppose -27*z + 9*z - 1728 = 0. Let f = z + 173. What is the greatest common factor of 14 and f?
7
Let k(x) = x**2 + 34*x - 328. Let d be k(10). What is the highest common divisor of d and 1148?
28
Let g be ((-248)/(-9) - 2) + 44/99. What is the highest common divisor of g and 14?
2
Let v = -14 - -17. Suppose 71 = v*l + 5*q, -2*l - 4*q = q - 49. Let z = 63 - 41. Calculate the highest common factor of z and l